
3131132321 (base 4) to base 6
31235545
10a897 (base 14) to base 12
234131
1277e1 (base 15) to base 4
3120110110
82174 (base 10) to base 11
56814
-135473 (base 9) to base 6
-1435103
What is -3002023 (base 4) in base 14?
-4759
What is -21025341 (base 9) in base 8?
-46452572
Convert -27245 (base 14) to base 13.
-34bc7
What is 10221011011 (base 4) in base 13?
337b2b
Convert -498806 (base 10) to base 12.
-2007b2
cae4 (base 15) to base 12
20a44
What is 3046d3 (base 14) in base 2?
110001100111011010001
-566023 (base 8) to base 12
-929ab
-5440b (base 13) to base 2
-100101001011011000
Convert -b30a3 (base 12) to base 8.
-707673
What is -10677671 (base 9) in base 6?
-303114231
49034 (base 14) to base 13
63287
326831 (base 9) to base 6
4104131
27cee (base 15) to base 7
1041410
What is 302001110 (base 4) in base 12?
9a698
52207 (base 10) to base 9
78547
What is bc960b (base 14) in base 10?
6402939
Convert 59598 (base 15) to base 16.
45860
What is -10021562 (base 7) in base 5?
-203011402
What is -43044 (base 15) in base 4?
-303323101
1021211101 (base 3) to base 5
1303030
Convert -10010502 (base 6) to base 16.
-44b46
59653 (base 12) to base 11
82306
Convert 1e805d (base 15) to base 7.
15465136
Convert 155668 (base 9) to base 4.
113130233
What is -10111000110100100 (base 2) in base 11?
-65106
What is 12a63 (base 15) in base 12?
2a686
Convert -7413a (base 11) to base 3.
-12111010002
9600fb (base 16) to base 4
211200003323
Convert -57b33a7 (base 12) to base 14.
-2360cd9
125220453 (base 6) to base 11
1451657
Convert -1405005 (base 7) to base 11.
-118214
Convert 500133 (base 8) to base 13.
59801
What is -13a461 (base 11) in base 5?
-24000320
Convert -16d3b (base 16) to base 10.
-93499
What is 324b59 (base 12) in base 4?
3002131311
20562 (base 8) to base 15
280c
-9a516 (base 16) to base 10
-632086
What is -9716b7 (base 12) in base 4?
-21012312223
Convert -b285d (base 16) to base 6.
-23401153
10000101100010000110 (base 2) to base 14
10347c
-111020111121 (base 3) to base 5
-31314440
What is -a686 (base 13) in base 4?
-11220312
-24210 (base 9) to base 15
-4c09
What is 14a58 (base 13) in base 11?
27427
What is 10021210102 (base 3) in base 8?
176332
Convert -1414140 (base 8) to base 10.
-399456
-71a4672 (base 11) to base 13
-28322aa
Convert -4ee03 (base 15) to base 2.
-111101101111100111
100000101001111110010 (base 2) to base 6
34534002
What is 28d01 (base 14) in base 13?
3717b
Convert 10010001220 (base 5) to base 2.
100101100011010011011111
What is 11101202001 (base 3) in base 15?
1a9ad
Convert 1002022111010 (base 3) to base 14.
1103bb
Convert 1021002211 (base 5) to base 15.
2beac1
What is -1033131320 (base 4) in base 7?
-2523653
-6215436 (base 9) to base 5
-1322123212
Convert 100001110011110000 (base 2) to base 9.
230856
What is 1000011100001100101 (base 2) in base 16?
43865
Convert 78004 (base 12) to base 6.
3224004
934cb (base 13) to base 7
2151042
What is 1f0d0 (base 16) in base 6?
2420452
1221222230 (base 4) to base 13
122003
16d4e (base 15) to base 9
122302
What is -42122351 (base 7) in base 16?
-3632cc
Convert -120106 (base 13) to base 5.
-102203330
Convert 39bad (base 15) to base 14.
4b544
Convert -1560606 (base 8) to base 5.
-103412300
212113 (base 8) to base 2
10001010001001011
Convert -3288963 (base 10) to base 4.
-30202332003
-113311010 (base 4) to base 13
-35570
Convert -12c4 (base 15) to base 13.
-1a95
-4a6b2d (base 14) to base 7
-30465256
-295996 (base 11) to base 3
-212110100202
What is 808547 (base 10) in base 3?
1112002010012
What is 1224122 (base 9) in base 3?
1020211010202
a71656 (base 16) to base 5
10300401410
-504313112 (base 6) to base 9
-17172648
-6379436 (base 10) to base 7
-105136640
20b0bb (base 14) to base 15
16ca82
-547247 (base 8) to base 15
-397a0
165bc (base 14) to base 8
155332
Convert aca641 (base 13) to base 2.
1111100011110001101011
Convert 44445512 (base 6) to base 16.
1481b4
What is 1221721 (base 8) in base 7?
2602032
-1a8a98 (base 12) to base 16
-73214
What is 22733745 (base 8) in base 16?
4bb7e5
e37dab (base 15) to base 3
202100012022022
What is a4096c (base 13) in base 3?
21012112002212
What is -2830aa (base 13) in base 7?
-11211513
Convert -520854 (base 11) to base 9.
-1513154
What is -4453212 (base 9) in base 4?
-21021033011
50303461 (base 7) to base 8
17717274
Convert -16493 (base 12) to base 9.
-47543
473028 (base 9) to base 15
593ab
Convert -11919 (base 11) to base 8.
-41271
Convert 101202102021220 (base 3) to base 14.
a8b2b4
Convert -426649 (base 13) to base 6.
-53210131
Convert 223234 (base 5) to base 13.
3801
What is -1321121021 (base 4) in base 3?
-221021001202
1010010110111100 (base 2) to base 10
42428
Convert 59bd6 (base 16) to base 12.
158872
Convert -1100010111111001000100 (base 2) to base 3.
-20002210100220
Convert -321125 (base 11) to base 10.
-513914
Convert 1000010101010100011100 (base 2) to base 11.
1262258
-92782 (base 12) to base 2
-101110101011010010
Convert -16554344 (base 8) to base 12.
-135ba04
-2261404 (base 8) to base 10
-615172
What is -112311123012 (base 4) in base 12?
-2008146
-b3e17 (base 15) to base 4
-2023030330
Convert 34810 (base 10) to base 16.
87fa
552533343 (base 6) to base 9
20621660
What is -4858a7 (base 16) in base 15?
-639c5c
Convert -9506 (base 15) to base 4.
-13230102
Convert -311153 (base 8) to base 4.
-121021223
2424123240 (base 5) to base 15
776930
-e1b93 (base 16) to base 12
-38706b
4132413421 (base 5) to base 13
19acb64
What is -280bc5 (base 16) in base 5?
-1132440303
What is 2d843b (base 15) in base 14?
41571d
-152217 (base 9) to base 16
-16d32
66438 (base 11) to base 5
11040412
Convert 110424345 (base 6) to base 16.
1e6e09
What is 410034 (base 8) in base 14?
373ac
What is -106352 (base 7) in base 6?
-224105
-10280908 (base 10) to base 5
-10112442113
211211101002020 (base 3) to base 15
10e9a53
What is -1390828 (base 11) in base 7?
-26202405
Convert -156d88 (base 14) to base 4.
-2312313230
What is -4004023 (base 6) in base 3?
-100112012120
Convert -6079124 (base 10) to base 5.
-3024012444
-1dd42 (base 14) to base 6
-1351022
-300420401 (base 5) to base 14
-22c18a
59bc (base 13) to base 4
3011311
Convert -103233300321 (base 4) to base 12.
-1897709
What is -24a71 (base 12) in base 2?
-1100001011110101
What is -12002110220 (base 3) in base 6?
-2051553
Convert -2578931 (base 10) to base 12.
-a4452b
Convert 242004 (base 6) to base 5.
1134142
Convert -5d84 (base 16) to base 3.
-1012211200
What is -f3775f (base 16) in base 12?
-5415827
Convert -800021 (base 9) to base 11.
-2a2a25
4084c (base 13) to base 5
12200120
Convert 2c8b26 (base 14) to base 3.
2221021222202
What is 51032025 (base 7) in base 3?
21222120200020
Convert 3520406 (base 11) to base 13.
13741a8
Convert -40444321 (base 5) to base 11.
-204550
What is -1000101011010001101 (base 2) in base 11?
-184666
1432030 (base 6) to base 5
10111343
Convert 1113330332 (base 4) to base 5.
43012004
20507 (base 8) to base 14
3167
Convert 11b4b (base 14) to base 4.
22211313
2103593 (base 10) to base 14
3ca889
Convert -209716b (base 12) to base 10.
-6170915
-1a33a3 (base 11) to base 3
-120211212222
22422253 (base 8) to base 9
10125325
55aba (base 12) to base 5
12121102
Convert 10111010000011011111 (base 2) to base 13.
208b46
What is 6448 (base 13) in base 2?
11011001011110
63f3a0 (base 16) to base 14
c27280
What is 5a749 (base 12) in base 13?
43707
What is 203041203 (base 6) in base 2?
1101010111101000100011
-222202101020 (base 3) to base 8
-2004426
Convert 1853266 (base 10) to base 7.
21516052
What is 11000111001100011111 (base 2) in base 7?
6635504
Convert 1022212023301 (base 4) to base 13.
4088a52
What is -11303011 (base 5) in base 3?
-12020222120
Convert -3607255 (base 9) to base 15.
-288e22
What is -10174762 (base 8) in base 4?
-20033213302
-7601567 (base 8) to base 5
-1010020003
What is 56340 (base 8) in base 6?
302024
What is 227a1 (base 15) in base 11?
75491
Convert -23606525 (base 8) to base 2.
-10011110000110101010101
5225661 (base 7) to base 14
1251a1
-211542 (base 9) to base 13
-45374
42a8f3 (base 16) to base 15
5b461c
What is 702291 (base 10) in base 6?
23015203
-212211210012 (base 3) to base 5
-110004234
102202100200 (base 3) to base 15
48839
-5238a9 (base 11) to base 12
-345a81
Convert 450b1 (base 16) to base 12.
1177a9
Con